{"id":6,"date":"2013-03-22T20:14:45","date_gmt":"2013-03-22T19:14:45","guid":{"rendered":"http:\/\/teatroinstabiledellegambesottoiltavolo.it\/?page_id=6"},"modified":"2024-10-28T16:05:13","modified_gmt":"2024-10-28T15:05:13","slug":"chi-siamo","status":"publish","type":"page","link":"https:\/\/teatroinstabiledellegambesottoiltavolo.it\/?page_id=6","title":{"rendered":"CHI SIAMO"},"content":{"rendered":"<p>Un piccolo gruppo di amici, accomunati dal gusto di far teatro insieme, nel tempo libero e per puro diletto. Senza mai formare una stabile compagnia, abbiamo condiviso nel tem\u00adpo molteplici esperienze di carattere teatrale: dai laboratori alle letture interpretative, dal teatro per i ragazzi agli spettacoli di pi\u00fa vasto respiro.<\/p>\n<p>Nel marzo del 2000 ci siamo costituiti in associazione senza scopo di lucro, aderendo all\u2019Ente TAI \u2013 Ente per lo Spettacolo ed il Teatro Amatoriale Italiano. Nel mese di luglio del 2023 la compagine si \u00e8 riconfigurata come associazione di promozione sociale (APS) ai sensi della vigente normativa in materia di Terzo Settore, al cui registro unico (RUNTS) risulta ora iscritta dall\u2019agosto del 2023.<\/p>\n<p>&nbsp;<\/p>\n<p>Il <em>Teatro Instabile delle \u00abGambe sotto il Tavolo\u00bb<\/em> (la cui bizzarra denominazione vuol iro\u00adnizzare sulle abitudini conviviali dei componenti) nasce nel 1994, come ultima espres\u00adsio\u00adne di un movi\u00admento amatoriale che nel tempo era andato aggregandosi, fino dagli anni Settanta del secolo scorso, attorno a Carla Messaglia, attrice di pro\u00adsa e regista di rango, attiva dapprima nel Grup\u00adpo \u00abTeatro Giovani\u00bb, per il quale ha curato parecchi allestimenti di notevole impatto drammatico, e poi nell\u2019ambito del Centro Culturale FIAT (Sezione Teatro) dove si \u00e8 spesa principalmente nel genere della commedia brillante, dedican\u00addosi nel frat\u00adtem\u00adpo anche al teatro per i ra\u00adgazzi, nel quale ha potuto mettere a frutto la lun\u00adga esperienza ma\u00adturata presso l\u2019associazione \u00abTeatro Ze\u00adta\u00bb (Sala degli In\u00adtradossi) nel settore dei laboratori tea\u00adtrali e delle animazioni didat\u00adti\u00adche (carceri e scuole): at\u00adti\u00advit\u00e0 che ha proseguito per anni presso l\u2019i\u00adstituto \u00abCasa Nostra\u00bb di To\u00adrino, anche av\u00advalendosi del\u00adla collaborazione del gruppo.<\/p>\n<p>Proprio alla Sala degli Intradossi, il <em>Teatro Instabile delle \u00abGambe sotto il Tavolo\u00bb<\/em> esor\u00addi\u00adva in quanto tale nel 1994, con due Atti unici di \u010cechov.<\/p>\n<p>Da quell\u2019ormai lontano esordio, la nostra compagnia ha proseguito regolarmente l\u2019attivit\u00e0 tea\u00adtrale, un anno dopo l\u2019altro, sempre sotto la guida Carla Messaglia, che nel 2007 si \u00e8 ritirata dalla reg\u00eda, continuando per\u00f2 ad assisterci come preziosa consulente fino a quando ha chiuso gli occhi nel 2022, lasciandoci eredi della sua dedizione al teatro.<\/p>\n<p>I lavori portati in scena sono descritti nella Sezione LE NOSTRE PRODUZIONI.<\/p>\n<p>Nella Sezione BIBLIOTECA si trovano le Letture da noi ideate ed in parte gi\u00e0 rappresentate.<\/p>\n<p>&nbsp;<\/p>\n<p><b><i>COLLABORAZIONI<\/i><\/b><\/p>\n<p>&nbsp;<\/p>\n<p>&#8211;\u00a0\u00a0\u00a0\u00a0 <b>Cooperativa Teatro Zeta (Torino)<\/b>.<i> La guerra di Carnasciale e della Quaresima<\/i>, di anonimo autore del Sedicesimo Secolo. Alla risco\u00adper\u00adta delle origini del teatro profano. Progetto della Cooperativa Teatro Zeta, coordinato e diretto dal Prof. Pier Giorgio Gili. Lettura (1992) \u2013 <i>Progetto Pirandello: La patente, All\u2019uscita<\/i>. Lettura per la regia del Prof. Pier Giorgio Gili \u2013 Maurice Maeterlink, <i>L\u2019uccellino azzurro<\/i>. Lettura per la regia di Giulia Polacco<\/p>\n<p><i>\u00a0<\/i><\/p>\n<p>&#8211;\u00a0\u00a0\u00a0\u00a0 <b>Centro Studi PANIS (Torino)<\/b>. Letture diverse nell\u2019ambito di eventi letterari e musicali (conferenze e festival): <i>Fiamma viva d\u2019amore. La poesia di San Giovanni della Croce<\/i> (2002) \u2013 <i>Festival di musica sacra<\/i> (2002) \u2013 <i>Il teatro di Giacomo Leopardi<\/i> \u2013 <i>Misticismo guerriero ed esplorazione dell\u2019ombra nell\u2019ultimo D\u2019Annunzio<\/i> \u2013 <i>Tragedia dell\u2019anima. Il mito di Oreste<\/i><\/p>\n<p>&nbsp;<\/p>\n<p>&#8211;\u00a0\u00a0\u00a0\u00a0 <b>Compagnia Teatrale <i>L\u2019officina di Efesto<\/i> (Torino)<\/b>. <i>Una serata di mezza estate a casa Ricordi<\/i> (2003) \u2013 Jean Paul Sartre, <i>Bariona o il figlio del tuono<\/i> (2004, 2005, 2006, 2012) \u2013 <i>Divertiamoci a teatro<\/i>. Testi di Jean Tardieu, Stefano Benni e Luigi Lunari (2009) \u2013 Jean Tardieu, <i>Sinfonietta ed altro<\/i> (2010)<\/p>\n<p>&nbsp;<\/p>\n<p>&#8211;\u00a0\u00a0\u00a0\u00a0 <b>Pro-loco e Comune di San Raffaele<\/b>. Rievocazioni storiche sotto forma di teatro itinerante per la re\u00adgia di Carla Messaglia. Settembre 2002: <i>Cent\u2019ani trib<\/i><i>\u00fcl\u00e0<\/i> (il Settecento) \u2013 Maggio 2009: <i>Cent\u2019ani apasi\u00f4n\u00e0<\/i> (l\u2019Ottocento)<\/p>\n<p><b>\u00a0<\/b><\/p>\n<p><b>&#8211;\u00a0\u00a0\u00a0\u00a0 Laboratorio Teatrale di Cambiano<\/b>. Vittorio Bersezio, <i>Le miserie \u00ebd M\u00f4nss\u01d8 Travet<\/i> (2010)<\/p>\n<p>&nbsp;<\/p>\n<p>&#8211;\u00a0\u00a0\u00a0\u00a0 <b>it.Art (Sezione Teatro)<\/b>. Fabrizio Frassa, <i>Quell\u2019uomo vestito di nero<\/i>. Lettura (2011) \u2013 Fabrizio Fras\u00adsa, <i>Analogie differenti<\/i>. Lettura (2012)<\/p>\n<p>&nbsp;<\/p>\n<p>&#8211;\u00a0\u00a0\u00a0\u00a0 <b>Compagnia Teatrale <i>Il Teatro dell\u2019ora<\/i> (Torino)<\/b>. <i>Quattro passi con Davide Fiammengo<\/i>. Lettura di <i>Edramon. Una<\/i> <i>goliardata<\/i> (2012)<\/p>\n<p>&nbsp;<\/p>\n<p>&#8211;\u00a0\u00a0\u00a0\u00a0 <b>Compagnia Teatrale Vittorio Alfieri (Torino)<\/b>. Carlo Goldoni, <i>La locandiera<\/i> (2008) \u2013 William Shake\u00ads\u00adpeare, <i>Sogno di una notte di mezza estate<\/i> (2012, 2013)<\/p>\n<div>\n<div>\n<p>&nbsp;<\/p>\n<\/div>\n<\/div>\n","protected":false},"excerpt":{"rendered":"<p>Un piccolo gruppo di amici, accomunati dal gusto di far teatro insieme, nel tempo libero e per puro diletto. Senza mai formare una stabile compagnia, abbiamo condiviso nel tem\u00adpo molteplici esperienze di carattere teatrale: dai laboratori alle letture interpretative, dal teatro per i ragazzi agli spettacoli di pi\u00fa vasto respiro. Nel marzo del 2000 ci &hellip;<br \/><a href=\"https:\/\/teatroinstabiledellegambesottoiltavolo.it\/?page_id=6\" class=\"more-link pen_button pen_element_default pen_icon_ellipsis\">Leggi tutto <\/a><\/p>\n","protected":false},"author":1,"featured_media":0,"parent":0,"menu_order":0,"comment_status":"open","ping_status":"open","template":"","meta":{"footnotes":""},"class_list":["post-6","page","type-page","status-publish","hentry"],"_links":{"self":[{"href":"https:\/\/teatroinstabiledellegambesottoiltavolo.it\/index.php?rest_route=\/wp\/v2\/pages\/6","targetHints":{"allow":["GET"]}}],"collection":[{"href":"https:\/\/teatroinstabiledellegambesottoiltavolo.it\/index.php?rest_route=\/wp\/v2\/pages"}],"about":[{"href":"https:\/\/teatroinstabiledellegambesottoiltavolo.it\/index.php?rest_route=\/wp\/v2\/types\/page"}],"author":[{"embeddable":true,"href":"https:\/\/teatroinstabiledellegambesottoiltavolo.it\/index.php?rest_route=\/wp\/v2\/users\/1"}],"replies":[{"embeddable":true,"href":"https:\/\/teatroinstabiledellegambesottoiltavolo.it\/index.php?rest_route=%2Fwp%2Fv2%2Fcomments&post=6"}],"version-history":[{"count":14,"href":"https:\/\/teatroinstabiledellegambesottoiltavolo.it\/index.php?rest_route=\/wp\/v2\/pages\/6\/revisions"}],"predecessor-version":[{"id":3235,"href":"https:\/\/teatroinstabiledellegambesottoiltavolo.it\/index.php?rest_route=\/wp\/v2\/pages\/6\/revisions\/3235"}],"wp:attachment":[{"href":"https:\/\/teatroinstabiledellegambesottoiltavolo.it\/index.php?rest_route=%2Fwp%2Fv2%2Fmedia&parent=6"}],"curies":[{"name":"wp","href":"https:\/\/api.w.org\/{rel}","templated":true}]}}